 68305 = 21*n - 3*k, -5*n + 85384 = -k. Is n composite?
False
Suppose -220 = -2*c - 2*i, -5*c + 2*i = 6*i - 550. Let w = 40028 - 40028. Suppose w = c*n - 103*n - 11459. Is n composite?
False
Let o(t) = -2*t**3 + 2*t**2 - 25*t + 646777. Is o(0) prime?
False
Let j(r) = r + 16. Let x be j(0). Suppose 22*q + 808 = 18*q + 5*m, 0 = -2*q + 4*m - 398. Let t = x - q. Is t composite?
False
Let f(o) = 34*o**3 + 10*o**2 - 16*o - 3. Let m = -104 + 109. Is f(m) a prime number?
False
Is (1388540/16)/(10*10/160) a prime number?
False
Suppose 0 = -104*z + 3840135 + 731809. Is z prime?
True
Let h(f) = -f**3 - 83*f**2 + 609*f + 215. Is h(-100) prime?
False
Let f(y) = -y**3 - 8*y**2 - 11*y + 8. Let k be f(-6). Suppose -c = -0*n + n - 747, k*n - 1486 = 2*c. Is n composite?
True
Suppose 3*i = n + 90, 4*i - 56 = -n + 71. Let q(k) = 24*k + 93*k - i*k + 7 + 20*k. Is q(7) prime?
False
Let o(t) be the second derivative of t**4/3 - 10*t**3/3 - 13*t**2/2 + 20*t - 2. Is o(-15) a composite number?
False
Suppose -15 = -5*d, -d - 153622 - 79197 = -2*m. Is m a prime number?
True
Let q be ((-6)/9)/(12/54). Let c be 640 - (0/q)/3. Let w = c + -221. Is w a prime number?
True
Let x(j) = 10*j**2 + 143*j - 268. Is x(-65) composite?
False
Let y(v) = 2*v**3 + v**2 - 15*v - 7. Let f(g) = g**3 + g**2 - 8*g - 3. Let u(s) = 5*f(s) - 2*y(s). Is u(5) prime?
True
Let x be (-4620)/(-16) - (-3)/(-4). Suppose 10*j - 9*j - 2 = 0, 0 = t - 4*j - x. Let n = t - -1667. Is n prime?
False
Let o = 6501 - 3940. Let l = 6702 - o. Is l a prime number?
False
Is 15/(-25) - ((-3)/(-33) - 17102664/440) a prime number?
False
Let a(h) = 283*h**3 + 12*h**2 + 17*h + 6. Let k(g) = -142*g**3 - 6*g**2 - 9*g - 2. Let f(l) = 2*a(l) + 5*k(l). Is f(-3) a prime number?
False
Let g be ((14 - 7) + -9)*8. Is 50187*-1*(g/12 + 1) composite?
False
Let n be (-4 + 68/12)*387. Let r = 1276 - n. Suppose 0 = 20*q - 21*q + r. Is q a composite number?
False
Suppose 47*w = 43*w + 44. Let x = 266 - 158. Let p = x - w. Is p a prime number?
True
Let w be 16*((-4)/10)/(8/(-10)). Is (751 - 0)*1 - w a composite number?
False
Let n(y) be the second derivative of -y**5/20 + 7*y**4/4 + 23*y**3/6 - 6*y**2 + 8*y. Let w be n(22). Suppose -19*f = -w*f - 4959. Is f a prime number?
False
Let n be (-86 - -2)*352/(-66). Let c be ((-146)/8)/(3/(-12)). Let g = n + c. Is g composite?
False
Suppose 3*s = -2*i + 321743, -2*i = -219*s + 216*s - 321701. Is i prime?
True
Let r be (-15)/2 - 3/(-2). Let s(f) = 10*f + 25. Let z be s(r). Is z/((-1 - -2)*-1) prime?
False
Let o = -56 + 36. Let g = 34 + o. Suppose -17*a = -g*a - 339. Is a a prime number?
True
Let u(z) = 27*z**2 + 13*z + 1. Suppose 23*t = 16*t - 14. Is u(t) prime?
True
Let d(y) = -21*y**3 - 2*y**2 - y - 22. Let u be d(-5). Let f = -1719 + u. Is f a composite number?
False
Let q be (-30)/(-4)*18/15. Is (-1122)/(-1) - (12 + (-63)/q) composite?
False
Let d(c) = 95*c**2 + 145*c - 1971. Is d(13) prime?
False
Suppose 0 = 6*m + 5*m - 44605. Suppose -29746 = 3*a - 3*x + m, -4*a = x + 45088. Is (-8)/(-12) - a/9 composite?
True
Let c be 460/9 + (-15)/135. Suppose c*w + 26817 = 58*w. Is w composite?
True
Let i = -1155125 - -1942318. Is i prime?
False
Suppose -1132 = -57*a - 220. Is 17637/5*(21 - a) prime?
False
Let u(z) = 20287*z**2 - 9*z + 35. Is u(3) a prime number?
False
Let p(a) = -a**2 + 10*a - 17. Let t be p(7). Let k be ((-63)/t)/(9/48). Let u = k - -801. Is u a composite number?
True
Let d = 8510 + 6483. Suppose 2*s + d = 13*s. Is s composite?
True
Let s(x) = -x. Let c be s(-5). Suppose h + 5*j - 5583 = j, 2*j + 27959 = c*h. Is h prime?
True
Suppose -2949094 + 1487009 = -65*f + 4250570. Is f prime?
True
Let f = 44561 + 8298. Is f prime?
True
Let l = -132272 - -234711. Is l a prime number?
False
Suppose q + 5*y = -0*q, -3*y - 28 = -5*q. Suppose 2*m - q*o - 5256 = 0, -o = -3*m - 4*o + 7905. Let l = m - 1468. Is l composite?
True
Let m = -8081 + 1381. Let n = m - -12411. Is n a composite number?
False
Suppose -c = 5*q, -c + q = -0*q. Suppose -5*r = -4*v - 4, r = 3*v - c - 8. Suppose 0 = -5*d + 2*i + 1323, 3*d + 266 = r*d + i. Is d a prime number?
False
Let t(m) = 3*m**3 - 7*m**2 - 5*m - 4. Suppose 6*q + 5*c = q - 50, -3*q - 27 = 2*c. Let h be t(q). Is h/(-2) + 3 + 6/(-12) composite?
False
Suppose 5*q - 6*q = -19486. Suppose -2*s + 5*m + q = 1498, 4*m = -3*s + 27005. Is s a prime number?
True
Suppose -9*h = -75674 - 103228. Let u = -11937 + h. Is u a prime number?
False
Let l(q) = -2025*q - 283. Is l(-4) a composite number?
False
Let i = 93 - 77. Suppose -i*j - 340 + 116 = 0. Let s = j - -33. Is s composite?
False
Let i be (5 - 200)/((-14)/(-364)). Let l = 1451 - i. Is l a composite number?
False
Let w(k) = 706*k - 4. Let t be w(10). Suppose -5200 = -5*r + 3*d + 3583, 0 = 4*r + 5*d - t. Is r a prime number?
True
Suppose a - 7*r - 241820 = 0, 11*r = a + 7*r - 241799. Is a composite?
False
Suppose -134349 = 2*s - 3*v - 355406, -v = 4*s - 442107. Is s a composite number?
False
Let b = 166 + -299. Let g be 1/4 + b/(-76). Suppose -4*p - 3*c = -1979, -g*p + c = p - 1494. Is p prime?
False
Suppose -69*i + 373067 = -16*i. Is i a prime number?
True
Let b = 848245 - 501012. Is b a composite number?
False
Suppose -5*a - 5*t + 283059 + 58521 = 0, t + 68306 = a. Is a composite?
False
Suppose 53*f - 52*f = -4*u - 8, 0 = -3*f - u - 2. Is 14970*1 + f + -38 + 37 composite?
False
Let t(y) = 10111*y**2 + 57*y - 301. Is t(6) a prime number?
False
Let v be 2156/(-13) + ((-16)/(-13))/(-8). Let s = 57 - v. Is s a prime number?
True
Let m(c) = 123497*c + 1523. Is m(22) prime?
False
Let p(m) = 1899*m**2 - 133*m + 1899. Is p(20) prime?
False
Let u be (70/210)/(3/(-3168)). Let o = -211 + 956. Let y = o + u. Is y a prime number?
False
Suppose 0 = 3*n + 12*n - 75. Suppose -12901 = -n*z - 3*y, 3*y - 4789 - 5533 = -4*z. Is z composite?
False
Let f(v) = 2*v**2 - 9*v - 4. Let g(t) = -t**2 + t - 1. Let d(y) = 1. Let n(c) = -2*d(c) - g(c). Let a(h) = f(h) + 3*n(h). Is a(10) a composite number?
False
Let f = 51 - 50. Let m be (2 - f)*(-1245)/5. Let a = 40 - m. Is a a composite number?
True
Let r be ((-354)/(-24))/(1/(-896)). Let i = r + 25853. Is i prime?
True
Suppose 2*j = 4*d - 5185282, 2*d + 112*j - 116*j - 2592650 = 0. Is d a composite number?
False
Suppose -14*f + 55241 = 8901. Suppose -4*a - 4*d + 9308 = 0, a - f = 5*d - 971. Is a a prime number?
False
Let j = -249 - -254. Suppose 4*o - 3*z = 1496, -1863 = o - 6*o + 2*z. Suppose j*n = 4*n + o. Is n a prime number?
False
Is (0 - 5/1) + 1 + 22 + 158929 composite?
True
Suppose 11*z - 18*z = 0. Suppose z = -5*x - 2*u - 1162, -u = 4*x + 4*u + 916. Let d = x - -1148. Is d a composite number?
True
Suppose -3*q + 1622499 = -y, -25*y + 1081666 = 2*q - 28*y. Is q a composite number?
True
Suppose m + 3*b = -3*m - 9, -4*m - 4*b - 12 = 0. Let a be (-4)/4 + -6 - (1 + m). Let n(h) = h**3 + 9*h**2 + 4*h - 9. Is n(a) composite?
False
Let x(a) = 28*a**3 - 2*a**3 + 2*a**3 - 2 - 1 + 26*a**2 - 40*a**2. Is x(6) a composite number?
True
Let n(w) be the third derivative of 23*w**4/12 + 13*w**3/6 + 18*w**2. Let a(l) = -139*l - 40. Let u(x) = -3*a(x) - 8*n(x). Is u(7) composite?
False
Suppose 0 = -12*s + 3824 + 4084. Suppose -3*v - s + 10643 = -p, v - 5*p - 3342 = 0. Is v prime?
False
Let b(m) = m**3 - 29*m**2 + 45*m + 41. Let p be (7/(-2))/((-1)/8). Is b(p) a composite number?
True
Let o be 2/7 + (272/(-119) - 1). Is 6 - (-7033)/((-3)/o) prime?
True
Let y(a) = a**2 - 39*a - 15. Let g(j) = 19*j + 8. Let z(m) = 9*g(m) + 4*y(m). Let v(l) = l**3 - 5*l**2 + 3*l - 2. Let h be v(3). Is z(h) prime?
True
Suppose 0 = -4*q - 2*n - n + 7433, 5*q - 5*n - 9335 = 0. Suppose 3*k + 4*g = 5*k + q, 4 = 4*g. Let u = k - -1888. Is u composite?
True
Let j(w) = -w**2 - 100*w + 865. Let a be j(-73). Let z be -1 - -6 - 2*1. Suppose 4*i = 2*c + c + a, 0 = z*i - c - 2127. Is i a composite number?
False
Let q be ((-54)/(-8))/((-3)/(-16)). Let h be q/10 - 8/(-20). Suppose h*d - 2197 - 1039 = 0. Is d composite?
False
Suppose 21*s + 60 = 9*s. Let q be (s/(-5) - 2)*0. Suppose q = -n - 5*n + 8994. Is n a prime number?
True
Let h(u) = u**3 + 10*u**2 + 6*u - 25. Let t be h(-9). Suppose o - t = 5*q - 31, -1 = -o. Let a(x) = 419*x + 1. Is a(q) a composite number?
True
Let k(r) = -3282*r - 1003. Is k(-7) composite?
True
Let c(u) = 13*u**3 + 29